7
In base 10, what is -12543540 - -4?
-12543536
In base 10, what is 3 + -9989875?
-9989872
In base 9, what is -52081346 - -1?
-52081345
In base 9, what is 7 + -73444558?
-73444551
In base 5, what is 13034134424 - 2?
13034134422
In base 13, what is 517 - -962ca?
96814
In base 7, what is -2413364 + 24?
-2413340
In base 16, what is -217 + -bae8?
-bcff
In base 3, what is -1 + -202121022212111?
-202121022212112
In base 2, what is 11 + -1110011011100010000100?
-1110011011100010000001
In base 12, what is -5 + -4840132?
-4840137
In base 3, what is -212112 - -1112002100?
1111012211
In base 9, what is 88024 + -230?
87684
In base 15, what is 8dce + 13b?
901a
In base 13, what is -681911c6 + 2?
-681911c4
In base 16, what is 3929b + 10?
392ab
In base 6, what is -123501431 + -412?
-123502243
In base 9, what is -38717128 - -4?
-38717124
In base 14, what is 4ca279b - -5?
4ca27a2
In base 12, what is -2957455 + 1?
-2957454
In base 2, what is 10011110001000 - -111101011111010?
1010001010000010
In base 7, what is 146536335 + -5?
146536330
In base 11, what is 6262670 + 4?
6262674
In base 13, what is 5cb - -20021?
2061c
In base 13, what is -3cc70b73 - -4?
-3cc70b6c
In base 5, what is -102031 + 210344?
103313
In base 7, what is -2552 - 5616341?
-5622223
In base 7, what is -4064 + -601261?
-605355
In base 13, what is c3b3 + -594?
bb1c
In base 8, what is 1653561 + -15?
1653544
In base 15, what is d764 + -87?
d6cc
In base 2, what is -101010001000000110000011 + 0?
-101010001000000110000011
In base 9, what is 316032 - 36?
315885
In base 13, what is 2011101 - 1?
2011100
In base 12, what is -21bb - -29946?
27747
In base 9, what is -4331284 + -43?
-4331337
In base 7, what is 3 + 3206310610?
3206310613
In base 3, what is -11 - -122111020220120012?
122111020220120001
In base 14, what is 1c31 - -d03?
2b34
In base 13, what is a74 - 195c?
-bb8
In base 6, what is -41405000 + -114?
-41405114
In base 6, what is -13101 + 2415511?
2402410
In base 10, what is 1157 - 5141?
-3984
In base 3, what is -10210002121210011 - -1?
-10210002121210010
In base 14, what is 36 + 39db67?
39db9d
In base 11, what is -30aa + -9111?
-11210
In base 4, what is -10202330 - -11113?
-10131211
In base 7, what is 3 - -24263021?
24263024
In base 5, what is 10320320332 - 30?
10320320302
In base 14, what is -274dd12 + -d?
-274dd21
In base 12, what is -14 - 20a056?
-20a06a
In base 11, what is -14 - 1394a458?
-1394a471
In base 15, what is -4d9aae - -4?
-4d9aaa
In base 4, what is 302132 + -223233000?
-222330202
In base 5, what is -410401334440 - -2?
-410401334433
In base 16, what is 2b + -52ac3e?
-52ac13
In base 2, what is 1 - 110000011010000110000011100?
-110000011010000110000011011
In base 13, what is 170a4 - -1735?
18809
In base 16, what is -3144 + 3cf0?
bac
In base 14, what is 0 + 2722dc?
2722dc
In base 9, what is -88818 + 1341?
-87467
In base 8, what is -1337470 + 160?
-1337310
In base 11, what is -379348 + 40?
-379308
In base 3, what is -10 + -122211202212022?
-122211202212102
In base 8, what is -1766604 + 403?
-1766201
In base 12, what is 1 - -6898b16?
6898b17
In base 5, what is 312332404 + 3?
312332412
In base 4, what is -320223011210 + -1?
-320223011211
In base 5, what is 1043333 + 311141?
1410024
In base 16, what is 1f78bf4 + 4?
1f78bf8
In base 16, what is -9 + -dac56e?
-dac577
In base 13, what is -53a2170 + -2?
-53a2172
In base 11, what is 1 - -30a5114?
30a5115
In base 8, what is 1 + -5377545?
-5377544
In base 16, what is -2bc55c + 0?
-2bc55c
In base 4, what is 10 - -1131203233?
1131203303
In base 7, what is 1 - -31400344?
31400345
In base 2, what is -10 + 10100011001010101011110100?
10100011001010101011110010
In base 15, what is 227a3e + -2a3?
22778b
In base 8, what is 23071 + 14743?
40034
In base 4, what is -2 - 21301002221?
-21301002223
In base 12, what is -4 - 142666aa?
-142666b2
In base 15, what is -1dc074b - 3?
-1dc074e
In base 13, what is 29cba963 - 2?
29cba961
In base 10, what is 4332 + -1024?
3308
In base 13, what is 87690 + 64?
87724
In base 9, what is -165 - -172266?
172101
In base 4, what is 3232132222 - 10?
3232132212
In base 5, what is -22202013 - 1322?
-22203340
In base 3, what is -200122012220221122 + 2?
-200122012220221120
In base 5, what is 44121 - 3001041?
-2401420
In base 2, what is 10100110010000110 - 1000111?
10100110000111111
In base 6, what is 125454040 + -35?
125454001
In base 6, what is -431 - -245425?
244554
In base 8, what is 410 + 3741446?
3742056
In base 2, what is 110010100010000010101010111 + 1?
110010100010000010101011000
In base 2, what is 1110011111011110101011 - -101?
1110011111011110110000
In base 7, what is 315305624 + 15?
315305642
In base 12, what is -1226 - -466?
-980
In base 11, what is -6a - -778942?
778883
In base 9, what is -1 - 72001773?
-72001774
In base 6, what is 1254043 + 24?
1254111
In base 12, what is -73 + 51aa2?
51a2b
In base 8, what is -2752450 - -65?
-2752363
In base 7, what is 50135 - 5240?
41565
In base 11, what is -4 + 3430724?
3430720
In base 16, what is 15d391 - -2?
15d393
In base 7, what is 4 + 1065415163?
1065415200
In base 10, what is -335 + -34630?
-34965
In base 6, what is 11444505 - -3130?
11452035
In base 6, what is -53 + 12123025?
12122532
In base 16, what is -89 - -5a3b5?
5a32c
In base 15, what is 75 - ac99?
-ac24
In base 7, what is 2065631015 - -5?
2065631023
In base 13, what is -20160 - 41?
-201a1
In base 13, what is -3b66 + 57a5?
193c
In base 16, what is c - -a6801d?
a68029
In base 2, what is 110100101010100011101110 - 100?
110100101010100011101010
In base 2, what is 100011 + 11000001111001101011?
11000001111010001110
In base 15, what is -8c3 - -22d5d?
2248a
In base 4, what is 2201 - -210122001?
210130202
In base 2, what is 10000001100000010011110 - -10010?
10000001100000010110000
In base 14, what is -5a9ca07 + 5?
-5a9ca02
In base 12, what is -2a - -15a8996?
15a8968
In base 3, what is 22122201222210010 - 1?
22122201222210002
In base 15, what is -e4b + -390?
-12db
In base 10, what is 1560801 - -114?
1560915
In base 13, what is 550 + 541?
a91
In base 14, what is 13bdbc - -2a?
13c008
In base 10, what is 35382 + 3681?
39063
In base 12, what is -2 - 3a804a?
-3a8050
In base 8, what is 50 - -1073007?
1073057
In base 11, what is -7a08 + 3802?
-4206
In base 6, what is -5 - -55124433?
55124424
In base 15, what is de - -1eb775?
1eb864
In base 12, what is -190 - 3a53?
-4023
In base 15, what is 2 - -457929?
45792b
In base 2, what is -1001010 + 1011000000111110000?
1011000000110100110
In base 7, what is 3540511 + -66?
3540412
In base 15, what is -5d + -31753?
-317b1
In base 2, what is 10001111110101100 + -11001000010?
10001100101101010
In base 15, what is 836e + -43e3?
3e7b
In base 10, what is 155004 + 209?
155213
In base 15, what is 5 + 1b2b01c?
1b2b022
In base 6, what is -3154353 + -4204?
-3203001
In base 2, what is 1010001111111100101100001110 - -1?
1010001111111100101100001111
In base 13, what is -7215 + -2?
-7217
In base 7, what is -61601330 + 100?
-61601230
In base 15, what is -957 + -1690?
-20e7
In base 13, what is 20 - -490a45?
490a65
In base 2, what is 10011010 + -101110101010001101?
-101110100111110011
In base 9, what is -4 + -133437702?
-133437706
In base 7, what is 31123 - 22461?
5332
In base 15, what is -419590 + 2a?
-419565
In base 8, what is -54 + 272204?
272130
In base 3, what is -21112122 - -2022220?
-12012202
In base 6, what is -1033040 + -121?
-1033201
In base 13, what is 4 + 2c8799c?
2c879a3
In base 7, what is 31 - -162502541?
162502602
In base 4, what is 2211 - 21232321?
-21230110
In base 13, what is 24a7 + -5886?
-33ac
In base 9, what is -15 + -42452160?
-42452175
In base 13, what is -423b - -b7c1?
7583
In base 12, what is 58a23 + -6?
58a19
In base 14, what is -9 - 79a?
-7a5
In base 9, what is 233 - 117678?
-117445
In base 9, what is -16863027 - 6?
-16863034
In base 12, what is -b3a3b - -84?
-b3977
In base 2, what is -1000 + -11001001000000011010?
-11001001000000100010
In base 12, what is -5041 + 336?
-4907
In base 13, what is -508ba09 + 1?
-508ba08
In base 4, what is -1132000 - -130?
-1131210
In base 16, what is -78 + -18585?
-185fd
In base 8, what is -6301 + 37106?
30605
In base 10, what is 13 + -2486990?
-2486977
In base 14, what is 4ca - -5a73?
615d
In base 11, what is -2988144a - 4?
-29881453
In base 11, what is -86 +